value of -9 + -1 - (19 - (-8 + (-13 - -47)))?
-3
Calculate -46 + 48 + (-8 - (5 + -2 + -1)).
-8
2 - ((3 - 8 - 5) + -4)
16
1 - -3 - (13 - 9)
0
Evaluate -2 + -16 + -3 + (-11 - (10 + -26)).
-16
Calculate -9 + -2 + 0 - (-17 + 8 + 5).
-7
What is -17 - (0 - 2 - (6 + (-13 - -10)))?
-12
Evaluate 1 - (-17 + -3 + (15 - 13) + 3).
16
Calculate (-1 - 1) + 6 - (-2 - (-6 - 2)).
-2
Evaluate -12 + (-5 + 24 - 5) - 1.
1
What is the value of (-4 - (-3 - (7 + (-14 - -6)))) + 0?
-2
What is the value of (21 - (-7 - 0)) + -13?
15
(20 + -9 - (3 - (-1 - 0))) + -6
1
What is the value of 3 + -4 + 1 + (-16 - (18 + -32))?
-2
19 + -18 - (-4 - 18 - -4 - 1)
20
What is (17 - (-2 - -7)) + 5 + 0 + -1?
16
What is -7 + -5 - (-2 + -1 + (3 - -2))?
-14
What is the value of (4 - 41) + (20 - (-23 + 30))?
-24
16 + 14 - (-1 - (-7 - -6 - -1))
31
What is 10 + -1 + (60 - 49) - 5?
15
Calculate 37 - 19 - (38 + -1).
-19
Evaluate (25 - 5) + -21 - -5.
4
What is -3 + (-12 - -10 - 4)?
-9
-4 + (-10 - (16 + -50) - 2)
18
What is -16 + -5 + 0 + 15 + -2 + 7?
-1
Calculate 0 + 4 + -1 - (-8 - (-15 + 4)).
0
What is 215 + -192 + -15 + 4?
12
Calculate -28 - ((-6 - -2) + -9).
-15
Evaluate -13 + 22 + -28 + 10.
-9
What is the value of -2 - -12 - (-225 + 253)?
-18
What is 82 + (-50 - (-52 - -46))?
38
Calculate 13 + (-14 - -5) - 11.
-7
What is ((1 - 8) + 5 - -8) + -19?
-13
6 - -3 - (-5 - (-9 + 4))
9
-20 + 25 - (10 + (-1 - 1))
-3
Evaluate (25 + 0 + -12 - 10) + (-7 - -2).
-2
(-325 - -324) + 0 + 6
5
-33 + 12 + 13 - (-3 + 0)
-5
What is the value of -18 + 10 + 3 + -1?
-6
What is the value of (-6 - -1) + 13 + -27 + 27?
8
What is -2 + (-1 - 1 - 6 - (-225 - -223))?
-8
What is (12 - (-9 - -8 - -10)) + 12?
15
0 + 1 + (-28 - -8) + 11
-8
What is the value of 1 + -5 + 1 + (-55 - -44)?
-14
Calculate 7 + (-12 - (5 + -26)).
16
What is the value of -30 + (47 - 11) + (4 - (1 - 2))?
11
What is 20 - (14 + -7) - 23?
-10
Evaluate -1 + -22 - (12 - (-26 + 46)).
-15
Evaluate (29 - 0) + (-1392 - -1369).
6
Evaluate -45 + (30 - -8) + -21.
-28
Evaluate 247 - 267 - (-9 - -2).
-13
Evaluate 0 + 11 - (44 - (29 - -14)).
10
What is the value of 68 + -48 + (-37 - 3)?
-20
What is the value of 9 + -5 + 1 + -1 - (-5 - 3)?
12
Evaluate (-1 - -9) + (12 - 20) + -12.
-12
Evaluate -44 + (-20 - -73) + 1 + -28.
-18
What is -20 + (16 - (-30 + -4))?
30
Calculate (32 - 37) + (-8 - 1) + -5 + 6.
-13
What is -10 + 5 + 0 + -1 + 0 - 4?
-10
9 + 89 + -103 + (0 - -24)
19
What is (10 - (-17 - -10 - -11) - -4) + 5?
15
Evaluate 2 + 13 - (5 + 18).
-8
What is 8 - ((3 - 11) + 13) - (-13 - 4)?
20
What is 15 - (-4 - -11) - (14 + -1)?
-5
Calculate 24 - (31 - (-23 - -55)).
25
What is the value of 3 - (-7 - (5 + 2 - 12)) - 23?
-18
Evaluate 97 + -98 + (24 + 2 + -2 - 0).
23
Calculate (-26 - -50) + -27 + (1 - 12).
-14
7 - ((-8 - (-25 - -7)) + -6)
3
-17 - (1 + -28 + 13)
-3
Evaluate 212 + -206 - (-14 + -2) - (8 - 0).
14
Calculate -20 + (19 + 19 - 26).
-8
Calculate 33 - -2 - (3 + (7 - 19 - -9)).
35
Evaluate -1 + 9 + -13 + -8.
-13
Evaluate (14 + -33 - -14) + (-1 + 2 - -1).
-3
Calculate 17 + (2 + -31 - 12) - 10.
-34
What is 19 + (-20 - -7) - 18?
-12
Calculate 0 + -4 - -5 - 8 - -7.
0
What is (3 - -1) + -11 + 1?
-6
Evaluate -4 - 3 - (-4 - 5 - (-7 - 2)).
-7
Calculate 19 + (6 + -22 - -5).
8
4 + -20 + (-1 - ((10 - 26) + 8))
-9
Calculate 127 - 130 - (2 + 2 + -2).
-5
Calculate -18 - (8 - (27 + -11)).
-10
Evaluate 2 - 40 - (7 - (-3 + 6 + 12)).
-30
Evaluate -28 - -23 - (-3 - (4 + 2)) - 12.
-8
Calculate -19 + -29 + 44 - (8 + -2).
-10
What is (-8 - 3) + 67 + -28?
28
Calculate 0 + (-26 + 4 + 17 - (4 - 0)).
-9
Evaluate 2 - (2 + 2 - -11).
-13
What is the value of (0 - (-14 - -6 - -8)) + 0?
0
Calculate -7 + 0 - (6 + -6 - -6).
-13
Calculate 12 - (-28 - (-52 - 17)).
-29
(2 - 1) + 28 + -35 + 14
8
What is the value of -29 + 17 - (-1 + -4) - -9 - 2?
0
Calculate -9 + -12 - (13 + -24).
-10
What is -1 + 1 + (-6 - (21 - 28))?
1
What is the value of -3 + 17 + -7 + -14 + (3 - 3)?
-7
Evaluate -9 + (10 - (11 - -11) - -6).
-15
(1 - (-5 + 14)) + (-7 - -6) + 13
4
What is -12 + 15 + -29 + 17 + 8?
-1
What is the value of -13 + (38 - 14) - (-2 + (7 - 1))?
7
Calculate -7 + 4 - (1 - -12) - (-231 + 235).
-20
Calculate 5 + (11 - 8) + -9 + 1 + 7.
7
Evaluate -2 - -8 - (2 + (3 - -9 - 5)).
-3
What is -32 + 2 + (-5 - 8) + 16?
-27
What is 10 - (10 + -2) - -6 - 4?
4
What is the value of -5 + -5 - 0 - 7 - 10?
-27
(-14 - -4 - (2 - 13)) + (13 - 0)
14
What is 11 + -6 - (-3 - (0 + -15)) - 3?
-10
What is the value of -30 + (-72 + 44 - -42)?
-16
What is 3 - (1 + -1 + 7 + 3)?
-7
Calculate (1 - -25) + -28 + 8.
6
40 - 5 - (6 + (4 - 6))
31
Evaluate 11 + -1 + 21 + -18 + (-7 - 0).
6
Evaluate (-1 - -2 - (-2 + 0)) + 24 + -42.
-15
Evaluate 24 - 6 - (2 + -8 + 9).
15
(7 - (0 + (10 - 18) + 13)) + -28
-26
(-42 + 34 - (-2 - 3)) + -19
-22
What is the value of -21 + -3 - (-132 + 123) - 1?
-16
What is the value of 15 + 9 + 24 + -69?
-21
What is the value of -3 + (-10 - -19) - 14?
-8
What is (0 - (1 - 3)) + (12 - (9 - 2))?
7
3 - (1 + -5 + 2 - -4)
1
1 + 3 + 2 + -9 - -7
4
Calculate -27 + (4 - 2) - (-11 + (1 - -7)).
-22
Calculate -8 - (7 + -4 - 10) - -1.
0
What is (1 - ((-6 - -10) + -7)) + (-1 - 5)?
-2
Calculate -9 - (1 - (1 - (19 - 9 - 2))).
-17
2 + 19 + (-3 - 11)
7
(-1 - -9) + (-31 - (10 + 5 + -25))
-13
Evaluate 6 - ((5 - 1) + -14 + 13 + -1).
4
What is -3 - (35 + -30 - 10)?
2
29 - (-3 + 13 - -8)
11
Calculate -831 - -862 - (-1 - (-3 - 1)).
28
What is ((8 - 17) + -7 - -6) + -1?
-11
What is the value of 11 + (-4 - -20) + -16?
11
12 + (-13 - -5) + 2
6
Calculate (-14 - -2) + 27 + -12 + -13.
-10
Evaluate -7 + (-2 - -11) + -4.
-2
What is 6 + (8 - (-23 + 21 + -8))?
24
12 + -33 + 15 - (-22 - (-2 - -1))
15
What is the value of (-3 - 4) + 17 + -5 + 1 + -7?
-1
Calculate 4 + (-13 - 4) + (-5 - -21).
3
What is 6 - (-6 + 5 + (35 - 13))?
-15
What is -3 + (-6 - -8) + -6 + -5 - 1?
-13
What is the value of 11 - (12 - -4) - -2?
-3
What is 11 + 3 + (11 - -3 - -4 - -3)?
35
Calculate 17 + (1 - 7 - -9) + -8.
12
Evaluate -3 + 4 + -10 + (6 + -6 - -30).
21
Evaluate -4 - ((-2 - -3) + 5 + (-6 - -1)).
-5
2 - (-16 + -22 + 59)
-19
(-10 + 33 - 12) + -13 - 16
-18
What is -1 + 0 + (-7 - -15)?
7
What is the value of (-1 - -2) + (4 - -1) + (-25 - -3)?
-16
0 - (-9 + (3 + -1 - 1) - 11)
19
Calculate -2422 + 2431 + (1 - (-3 + 0 + -1)).
14
What is the value of 10 + (4 - (27 + -14))?
1
Calculate (-50 - -40) + 28 + -2 + -1.
15
What is 7 - (-2 - (-6 + (0 - 1)))?
2
What is -29 + 25 + (32 - 18)?
10
What is the value of (-5 - 0) + (0 - -2) - (168 + -182)?
11
Evaluate (1 + -25 - -1) + 1 + 402 + -411.
-31
What is the value of -40 + 42 + (-21 - -2)?
-17
What is the value of (-14 + 12 - (-26 + -3)) + -9 + 2?
20
What is the value of -8 - ((-12 - 2) + 7) - -2?
1
What is the value of -19 - (1 + (11 - (-4 + 18)))?
-17
(7 - (4 - 5)) + -13 + -3
-8
Calculate -30 + 34 + 1 + 21.
26
What is the value of -2238 + 2242 + 9 + (1 - (2 - 1))?
13
Evaluate -11 - -12 - (0 + 2 - 8).
7
What is the value of (9 + -10 - -9) + -6 + -5?
-3
Calculate (1 - 2) + (1 - -21) - (-1442 + 1445).
18
What is (0 - (-3 + -3) - -2) + 49 + -64?
-7
What is 1 + (5 - -1) + -19 - -8 - 13?
-17
Calculate 6 - (24 + -12) - (0 - 10).
4
What is the value of 12 - (-6 + 18 + -5 + 19)?
-14
What is -13 + (0 + -2 + 10 - (9 + -7))?
-7
Calculate (-18 - -25) + (2 - -2).
11
What is the value of -29 + (33 - 32) + -3?
-31
Calculate (84 - 97) + (4 - 3 - -8).
-4
What is -228 + 245 - (-2 + -1 - (2 + -5))?
17
What is 40 - (13 + 9) - (3 + -1 - 10)?
26
Calculate -1 + (-13 + 0 - (-176 - -159)).
3
Calculate -7 + (-4 - (-4 + -6)) + -4 + -3.
-8
What is -1 - (13 + (-10 - (-5 + 3))) - 10?
-16
What is 1 - (5 + -5 - 4) - (-2 - 0)?
7
Evaluate -12 + 11 + (19 - 2).
16
Evaluate -14 + 13 - (-1 + -2) - (-30 + 35).
-3
Calculate -12 - (-42 - (-45 - -10)).
-5
What is -1 - (-2 + 1 + -4) - 1?
3
(-6 - 5) + (-4 - -4) + (-4 - -14)
-1
Evaluate 19 - (-23 + 10 - -30).
2
Evaluate -5 - (-34 - -10) - -8 - 11.
16
What is the value of -2 - 0 - (15 + -30 + 15)?
-2
What is -3 + (12 - 14) - -11 - (11 + -2)?
-3
Evaluate (5 - (0 + 3) - -1) + -9 - -19.
13
(5 - (-4 - (-2 - 9))) + 3 + -3
-2
Evaluate 5 - (-2 + 5 + 2 + -1) - -9.
10
Evaluate -6 + (-5 - (-14 - 3)) + (-2 - -7).
11
(-3 - -11) + -13 + (-1 + -2 - -5)
-3
439 + -430 + -1 + -27
-19
Evaluate 11 - (-4 + (22 - (3 + 0))).
-4
What is the value of -2 - (-8 - -